vided by 5933?
5911
Calculate the remainder when 919553 is divided by 3260.
233
Calculate the remainder when 467649 is divided by 1509.
1368
What is the remainder when 402756058 is divided by 619?
613
Calculate the remainder when 80923398 is divided by 34.
32
What is the remainder when 18134217 is divided by 2863?
2838
Calculate the remainder when 16774397 is divided by 351.
107
Calculate the remainder when 6596749 is divided by 8.
5
What is the remainder when 26261 is divided by 8031?
2168
Calculate the remainder when 152167587 is divided by 1231.
1215
What is the remainder when 42672 is divided by 249?
93
Calculate the remainder when 2674259 is divided by 338.
3
What is the remainder when 56152 is divided by 28034?
84
What is the remainder when 55776148 is divided by 782?
780
What is the remainder when 7321963 is divided by 139?
138
What is the remainder when 1258461 is divided by 13829?
22
Calculate the remainder when 56694 is divided by 350.
344
Calculate the remainder when 10778702 is divided by 23180.
2
What is the remainder when 138223676 is divided by 1340?
1336
Calculate the remainder when 202407 is divided by 4901.
1466
Calculate the remainder when 8005992 is divided by 273.
267
What is the remainder when 3886580 is divided by 6554?
58
What is the remainder when 158553863 is divided by 1238702?
7
What is the remainder when 2130792765 is divided by 64?
61
Calculate the remainder when 83327954 is divided by 28459.
2
Calculate the remainder when 1352783 is divided by 712.
695
What is the remainder when 252538 is divided by 69?
67
Calculate the remainder when 220199 is divided by 6651.
716
What is the remainder when 31922185 is divided by 124696?
9
What is the remainder when 6921306 is divided by 616?
546
Calculate the remainder when 58646 is divided by 376.
366
What is the remainder when 14207903 is divided by 113663?
28
Calculate the remainder when 227632 is divided by 18913.
676
Calculate the remainder when 180625839 is divided by 7.
2
What is the remainder when 2173688 is divided by 90570?
8
Calculate the remainder when 287124624 is divided by 35890577.
8
What is the remainder when 1339344 is divided by 446372?
228
Calculate the remainder when 6139006 is divided by 72.
70
Calculate the remainder when 5614285 is divided by 4964.
1
What is the remainder when 2217609 is divided by 338?
329
Calculate the remainder when 2782367 is divided by 33930.
107
Calculate the remainder when 271722 is divided by 1300.
22
What is the remainder when 635325 is divided by 2625?
75
What is the remainder when 5286535 is divided by 2643267?
1
Calculate the remainder when 95712 is divided by 93334.
2378
What is the remainder when 2678738 is divided by 535?
528
What is the remainder when 80577 is divided by 5243?
1932
Calculate the remainder when 91325937 is divided by 3805247.
9
What is the remainder when 1779672 is divided by 365?
297
Calculate the remainder when 464943 is divided by 7745.
243
Calculate the remainder when 29068 is divided by 7791.
5695
What is the remainder when 29333 is divided by 4118?
507
What is the remainder when 5759 is divided by 3174?
2585
What is the remainder when 2930171 is divided by 586029?
26
Calculate the remainder when 15164028 is divided by 19.
14
What is the remainder when 15447912 is divided by 1475?
237
What is the remainder when 323008 is divided by 34?
8
What is the remainder when 110314 is divided by 3244?
18
Calculate the remainder when 111032 is divided by 11099.
42
What is the remainder when 1329522 is divided by 182?
12
What is the remainder when 8836674 is divided by 77?
0
What is the remainder when 800841903 is divided by 19?
16
What is the remainder when 1036231 is divided by 3408?
199
Calculate the remainder when 31664290 is divided by 131.
18
Calculate the remainder when 17400848 is divided by 5404.
5372
What is the remainder when 7365425 is divided by 253979?
34
Calculate the remainder when 178424 is divided by 1084.
648
Calculate the remainder when 166427 is divided by 4307.
2761
What is the remainder when 6590897 is divided by 28656?
17
What is the remainder when 469153430 is divided by 8206?
8204
What is the remainder when 6400147 is divided by 13115?
27
Calculate the remainder when 223920 is divided by 1087.
1085
What is the remainder when 184790 is divided by 184586?
204
Calculate the remainder when 60883082 is divided by 46.
12
What is the remainder when 4995108 is divided by 35?
13
What is the remainder when 685234 is divided by 437?
18
Calculate the remainder when 8140416 is divided by 2237.
2210
What is the remainder when 253456 is divided by 23?
19
Calculate the remainder when 150352389 is divided by 3068416.
5
Calculate the remainder when 2150566 is divided by 129.
7
Calculate the remainder when 3723998 is divided by 4738.
4668
Calculate the remainder when 169484 is divided by 56304.
572
What is the remainder when 70648 is divided by 15148?
10056
What is the remainder when 9874340 is divided by 1181?
1180
Calculate the remainder when 29788435 is divided by 205437.
70
What is the remainder when 26663 is divided by 3266?
535
What is the remainder when 1637808 is divided by 51178?
112
What is the remainder when 1501192 is divided by 31938?
106
Calculate the remainder when 4314485 is divided by 1438138.
71
Calculate the remainder when 1945279 is divided by 241.
168
Calculate the remainder when 2954625 is divided by 70.
65
Calculate the remainder when 22905 is divided by 254.
45
What is the remainder when 43491 is divided by 123?
72
What is the remainder when 711185 is divided by 82?
81
Calculate the remainder when 39567790 is divided by 22.
20
Calculate the remainder when 1402631 is divided by 135.
116
Calculate the remainder when 283607 is divided by 56621.
502
Calculate the remainder when 3199570 is divided by 533261.
4
What is the remainder when 43135 is divided by 1489?
1443
What is the remainder when 34105416 is divided by 4809?
4797
What is the remainder when 174726720 is divided by 260010?
0
Calculate the remainder when 44418902 is divided by 5552361.
14
What is the remainder when 24008 is divided by 11608?
792
Calculate the remainder when 19729422 is divided by 2818486.
20
What is the remainder when 1851964 is divided by 123463?
19
Calculate the remainder when 37610736 is divided by 48.
0
What is the remainder when 1748582 is divided by 249797?
3
What is the remainder when 184999 is divided by 20545?
94
What is the remainder when 1123316 is divided by 3305?
2921
What is the remainder when 8907282 is divided by 2226817?
14
Calculate the remainder when 498615 is divided by 11592.
159
Calculate the remainder when 54656435 is divided by 2186257.
10
Calculate the remainder when 78020705 is divided by 244.
241
Calculate the remainder when 111986660 is divided by 5133.
5132
Calculate the remainder when 2396258 is divided by 342318.
32
What is the remainder when 715976 is divided by 237455?
3611
Calculate the remainder when 552113 is divided by 21218.
445
Calculate the remainder when 74184 is divided by 74156.
28
Calculate the remainder when 144408 is divided by 112.
40
What is the remainder when 85869 is divided by 1406?
103
What is the remainder when 105228038 is divided by 30?
8
Calculate the remainder when 83844 is divided by 5486.
1554
Calculate the remainder when 5721262 is divided by 30271.
43
What is the remainder when 3139406 is divided by 313940?
6
Calculate the remainder when 113691231 is divided by 74.
73
What is the remainder when 104195 is divided by 825?
245
What is the remainder when 530366574 is divided by 107?
102
What is the remainder when 10379175 is divided by 9?
6
Calculate the remainder when 92495695 is divided by 28.
19
Calculate the remainder when 164320 is divided by 185.
40
Calculate the remainder when 17635627 is divided by 1516.
1515
Calculate the remainder when 20199072 is divided by 6732798.
678
What is the remainder when 1594771 is divided by 72?
43
Calculate the remainder when 200834 is divided by 647.
264
What is the remainder when 393910 is divided by 1657?
1201
What is the remainder when 10930245 is divided by 3679?
3615
What is the remainder when 58335 is divided by 19427?
54
What is the remainder when 2906160 is divided by 1582?
26
Calculate the remainder wh